{"id":18,"date":"2021-02-16T13:35:54","date_gmt":"2021-02-16T12:35:54","guid":{"rendered":"https:\/\/www.thomasfromm.de\/?page_id=18"},"modified":"2022-06-11T11:00:05","modified_gmt":"2022-06-11T09:00:05","slug":"biografie","status":"publish","type":"page","link":"https:\/\/www.thomasfromm.de\/?page_id=18","title":{"rendered":"Biografie"},"content":{"rendered":"<h1>Biografie<\/h1>\n<p>Geboren am 29.4.1962 in Berlin<img loading=\"lazy\" decoding=\"async\" class=\"wp-image-182 size-full alignright\" src=\"https:\/\/www.thomasfromm.de\/wp-content\/uploads\/2021\/02\/thomas-fromm-cut-actual.jpg\" alt=\"\" width=\"258\" height=\"312\" srcset=\"https:\/\/www.thomasfromm.de\/wp-content\/uploads\/2021\/02\/thomas-fromm-cut-actual.jpg 258w, https:\/\/www.thomasfromm.de\/wp-content\/uploads\/2021\/02\/thomas-fromm-cut-actual-248x300.jpg 248w\" sizes=\"auto, (max-width: 258px) 100vw, 258px\" \/><\/p>\n<p>1981-1988 Studium der Biologie, Chemie, Philosophie und Psychologie u.a. an der FU-Berlin mit Abschluss als Diplom-Biologe<\/p>\n<p>Seit 1989 Studien und Engagements in der marinen Zoologie, Neuropsychopharmakologie, Limnologie und Phykologie; T\u00e4tigkeit als Maler, Grafiker und Fotograf<\/p>\n<p>Seit 2002 Mitarbeit in verschiedenen\u00a0 K\u00fcnstler\/innen Projekten und Ateliers (atelier galerie pinella bei B\u00e4rbel Deuser-Kursawe; Offenes Atelier im St. Hedwig-Krankenhaus bei Hanni Makosch; Malgruppe in der KBS-Sch\u00f6neberg bei Monika Bulang-L\u00f6rcher und Gabriele Fackelmann; Zeichengruppe des Berliner Arbeitslosenzentrums (BALZ) bei Marlis Funke-Senf; Maerz Atelier f\u00fcr Kunst und Therapie bei Madeleine Mors.)<\/p>\n<p>Pianistische Ausbildung bei Marianne Lipinski, Manfred Rosen, Natsumi Foljanty, Stefan Gretsch und Andreas Eschen.<\/p>\n","protected":false},"excerpt":{"rendered":"<p>Biografie Geboren am 29.4.1962 in Berlin 1981-1988 Studium der Biologie, Chemie, Philosophie und Psychologie u.a. an der FU-Berlin mit Abschluss als Diplom-Biologe Seit 1989 Studien und Engagements in der marinen Zoologie, Neuropsychopharmakologie, Limnologie und Phykologie; T\u00e4tigkeit als Maler, Grafiker und Fotograf Seit 2002 Mitarbeit in&#46;&#46;&#46;<\/p>\n","protected":false},"author":1,"featured_media":0,"parent":0,"menu_order":0,"comment_status":"closed","ping_status":"closed","template":"","meta":{"footnotes":""},"class_list":["post-18","page","type-page","status-publish","hentry"],"_links":{"self":[{"href":"https:\/\/www.thomasfromm.de\/index.php?rest_route=\/wp\/v2\/pages\/18","targetHints":{"allow":["GET"]}}],"collection":[{"href":"https:\/\/www.thomasfromm.de\/index.php?rest_route=\/wp\/v2\/pages"}],"about":[{"href":"https:\/\/www.thomasfromm.de\/index.php?rest_route=\/wp\/v2\/types\/page"}],"author":[{"embeddable":true,"href":"https:\/\/www.thomasfromm.de\/index.php?rest_route=\/wp\/v2\/users\/1"}],"replies":[{"embeddable":true,"href":"https:\/\/www.thomasfromm.de\/index.php?rest_route=%2Fwp%2Fv2%2Fcomments&post=18"}],"version-history":[{"count":12,"href":"https:\/\/www.thomasfromm.de\/index.php?rest_route=\/wp\/v2\/pages\/18\/revisions"}],"predecessor-version":[{"id":1005,"href":"https:\/\/www.thomasfromm.de\/index.php?rest_route=\/wp\/v2\/pages\/18\/revisions\/1005"}],"wp:attachment":[{"href":"https:\/\/www.thomasfromm.de\/index.php?rest_route=%2Fwp%2Fv2%2Fmedia&parent=18"}],"curies":[{"name":"wp","href":"https:\/\/api.w.org\/{rel}","templated":true}]}}

<h1>Biografie</h1>
<p>Geboren am 29.4.1962 in Berlin<img loading="lazy" decoding="async" class="wp-image-182 size-full alignright" src="https://www.thomasfromm.de/wp-content/uploads/2021/02/thomas-fromm-cut-actual.jpg" alt="" width="258" height="312" srcset="https://www.thomasfromm.de/wp-content/uploads/2021/02/thomas-fromm-cut-actual.jpg 258w, https://www.thomasfromm.de/wp-content/uploads/2021/02/thomas-fromm-cut-actual-248x300.jpg 248w" sizes="auto, (max-width: 258px) 100vw, 258px" /></p>
<p>1981-1988 Studium der Biologie, Chemie, Philosophie und Psychologie u.a. an der FU-Berlin mit Abschluss als Diplom-Biologe</p>
<p>Seit 1989 Studien und Engagements in der marinen Zoologie, Neuropsychopharmakologie, Limnologie und Phykologie; Tätigkeit als Maler, Grafiker und Fotograf</p>
<p>Seit 2002 Mitarbeit in verschiedenen  Künstler/innen Projekten und Ateliers (atelier galerie pinella bei Bärbel Deuser-Kursawe; Offenes Atelier im St. Hedwig-Krankenhaus bei Hanni Makosch; Malgruppe in der KBS-Schöneberg bei Monika Bulang-Lörcher und Gabriele Fackelmann; Zeichengruppe des Berliner Arbeitslosenzentrums (BALZ) bei Marlis Funke-Senf; Maerz Atelier für Kunst und Therapie bei Madeleine Mors.)</p>
<p>Pianistische Ausbildung bei Marianne Lipinski, Manfred Rosen, Natsumi Foljanty, Stefan Gretsch und Andreas Eschen.</p>

<p>Biografie Geboren am 29.4.1962 in Berlin 1981-1988 Studium der Biologie, Chemie, Philosophie und Psychologie u.a. an der FU-Berlin mit Abschluss als Diplom-Biologe Seit 1989 Studien und Engagements in der marinen Zoologie, Neuropsychopharmakologie, Limnologie und Phykologie; Tätigkeit als Maler, Grafiker und Fotograf Seit 2002 Mitarbeit in&#46;&#46;&#46;</p>
