{"id":1083,"date":"2023-10-26T14:52:13","date_gmt":"2023-10-26T12:52:13","guid":{"rendered":"https:\/\/www.thomasfromm.de\/?page_id=1083"},"modified":"2025-12-31T07:53:10","modified_gmt":"2025-12-31T06:53:10","slug":"12-blaetter","status":"publish","type":"page","link":"https:\/\/www.thomasfromm.de\/?page_id=1083","title":{"rendered":"12 Bl\u00e4tter"},"content":{"rendered":"<div id=\"pl-1083\"  class=\"panel-layout\" ><div id=\"pg-1083-0\"  class=\"panel-grid panel-no-style\" ><div id=\"pgc-1083-0-0\"  class=\"panel-grid-cell\" ><div id=\"panel-1083-0-0-0\" class=\"so-panel widget widget_sow-editor panel-first-child panel-last-child\" data-index=\"0\" ><div class=\"so-widget-sow-editor so-widget-sow-editor-base\">\n<div class=\"siteorigin-widget-tinymce textwidget\">\n\t<h1>12 Bl\u00e4tter<\/h1>\n<div class=\"foogallery foogallery-container foogallery-default foogallery-lightbox-foobox fg-gutter-10 fg-center fg-default fg-light fg-shadow-outline fg-loaded-fade-in fg-ready\" id=\"foogallery-gallery-1067\" data-foogallery=\"{&quot;item&quot;:{&quot;showCaptionTitle&quot;:true,&quot;showCaptionDescription&quot;:true},&quot;lazy&quot;:true,&quot;src&quot;:&quot;data-src-fg&quot;,&quot;srcset&quot;:&quot;data-srcset-fg&quot;}\" data-fg-common-fields=\"1\" >\r\n\t<div class=\"fg-item\"><figure class=\"fg-item-inner\"><a href=\"https:\/\/www.thomasfromm.de\/wp-content\/uploads\/2023\/10\/PA211527-Kopie-I-Kopie.jpg\" data-caption-title=\"Aesculus, Acrylstifte auf Papier, 29,7 x 42 cm, 2023\" data-attachment-id=\"1079\" class=\"fg-thumb\"><span class=\"fg-image-wrap\"><img title=\"Aesculus, Acrylstifte auf Papier, 29,7 x 42 cm, 2023\" width=\"300\" height=\"300\" data-src-fg=\"https:\/\/www.thomasfromm.de\/wp-content\/uploads\/cache\/2023\/10\/PA211527-Kopie-I-Kopie\/2903852984.jpg\" class=\"fg-image\" \/><\/span><\/a><figcaption class=\"fg-caption\"><div class=\"fg-caption-inner\"><div class=\"fg-caption-title\">Aesculus, Acrylstifte auf Papier, 29,7 x 42 cm, 2023<\/div><\/div><\/figcaption><\/figure><div class=\"fg-loader\"><\/div><\/div><div class=\"fg-item\"><figure class=\"fg-item-inner\"><a href=\"https:\/\/www.thomasfromm.de\/wp-content\/uploads\/2023\/10\/PA211526-Kopie-I-Kopie.jpg\" data-caption-title=\"Prenanthes, Acrylstifte auf Papier, 29,7 x 42 cm, 2023\" data-attachment-id=\"1078\" class=\"fg-thumb\"><span class=\"fg-image-wrap\"><img title=\"Prenanthes, Acrylstifte auf Papier, 29,7 x 42 cm, 2023\" width=\"300\" height=\"300\" data-src-fg=\"https:\/\/www.thomasfromm.de\/wp-content\/uploads\/cache\/2023\/10\/PA211526-Kopie-I-Kopie\/2744416413.jpg\" class=\"fg-image\" \/><\/span><\/a><figcaption class=\"fg-caption\"><div class=\"fg-caption-inner\"><div class=\"fg-caption-title\">Prenanthes, Acrylstifte auf Papier, 29,7 x 42 cm, 2023<\/div><\/div><\/figcaption><\/figure><div class=\"fg-loader\"><\/div><\/div><div class=\"fg-item\"><figure class=\"fg-item-inner\"><a href=\"https:\/\/www.thomasfromm.de\/wp-content\/uploads\/2023\/10\/PA211525-Kopie-I-Kopie.jpg\" data-caption-title=\"Ipomea, Acrylstifte auf Papier, 29,7 x 42 cm, 2023\" data-attachment-id=\"1077\" class=\"fg-thumb\"><span class=\"fg-image-wrap\"><img title=\"Ipomea, Acrylstifte auf Papier, 29,7 x 42 cm, 2023\" width=\"300\" height=\"300\" data-src-fg=\"https:\/\/www.thomasfromm.de\/wp-content\/uploads\/cache\/2023\/10\/PA211525-Kopie-I-Kopie\/469272910.jpg\" class=\"fg-image\" \/><\/span><\/a><figcaption class=\"fg-caption\"><div class=\"fg-caption-inner\"><div class=\"fg-caption-title\">Ipomea, Acrylstifte auf Papier, 29,7 x 42 cm, 2023<\/div><\/div><\/figcaption><\/figure><div class=\"fg-loader\"><\/div><\/div><div class=\"fg-item\"><figure class=\"fg-item-inner\"><a href=\"https:\/\/www.thomasfromm.de\/wp-content\/uploads\/2023\/10\/PA211524-Kopie-I-Kopie.jpg\" data-caption-title=\"Sanguinaria, Acrylstifte auf Papier, 29,7 x 42 cm, 2023\" data-attachment-id=\"1076\" class=\"fg-thumb\"><span class=\"fg-image-wrap\"><img title=\"Sanguinaria, Acrylstifte auf Papier, 29,7 x 42 cm, 2023\" width=\"300\" height=\"300\" data-src-fg=\"https:\/\/www.thomasfromm.de\/wp-content\/uploads\/cache\/2023\/10\/PA211524-Kopie-I-Kopie\/360298091.jpg\" class=\"fg-image\" \/><\/span><\/a><figcaption class=\"fg-caption\"><div class=\"fg-caption-inner\"><div class=\"fg-caption-title\">Sanguinaria, Acrylstifte auf Papier, 29,7 x 42 cm, 2023<\/div><\/div><\/figcaption><\/figure><div class=\"fg-loader\"><\/div><\/div><div class=\"fg-item\"><figure class=\"fg-item-inner\"><a href=\"https:\/\/www.thomasfromm.de\/wp-content\/uploads\/2023\/10\/PA211523-Kopie-I-Kopie.jpg\" data-caption-title=\"Acer, Acrylstifte auf Papier, 29,7 x 42 cm, 2023\" data-attachment-id=\"1075\" class=\"fg-thumb\"><span class=\"fg-image-wrap\"><img title=\"Acer, Acrylstifte auf Papier, 29,7 x 42 cm, 2023\" width=\"300\" height=\"300\" data-src-fg=\"https:\/\/www.thomasfromm.de\/wp-content\/uploads\/cache\/2023\/10\/PA211523-Kopie-I-Kopie\/1515938820.jpg\" class=\"fg-image\" \/><\/span><\/a><figcaption class=\"fg-caption\"><div class=\"fg-caption-inner\"><div class=\"fg-caption-title\">Acer, Acrylstifte auf Papier, 29,7 x 42 cm, 2023<\/div><\/div><\/figcaption><\/figure><div class=\"fg-loader\"><\/div><\/div><div class=\"fg-item\"><figure class=\"fg-item-inner\"><a href=\"https:\/\/www.thomasfromm.de\/wp-content\/uploads\/2023\/10\/PA211522-Kopie-I-Kopie.jpg\" data-caption-title=\"Syneilesis, Acrylstifte auf Papier, 29,7 x 42 cm, 2023\" data-attachment-id=\"1074\" class=\"fg-thumb\"><span class=\"fg-image-wrap\"><img title=\"Syneilesis, Acrylstifte auf Papier, 29,7 x 42 cm, 2023\" width=\"300\" height=\"300\" data-src-fg=\"https:\/\/www.thomasfromm.de\/wp-content\/uploads\/cache\/2023\/10\/PA211522-Kopie-I-Kopie\/1423596321.jpg\" class=\"fg-image\" \/><\/span><\/a><figcaption class=\"fg-caption\"><div class=\"fg-caption-inner\"><div class=\"fg-caption-title\">Syneilesis, Acrylstifte auf Papier, 29,7 x 42 cm, 2023<\/div><\/div><\/figcaption><\/figure><div class=\"fg-loader\"><\/div><\/div><div class=\"fg-item\"><figure class=\"fg-item-inner\"><a href=\"https:\/\/www.thomasfromm.de\/wp-content\/uploads\/2023\/10\/PA211520-Kopie-I-Kopie.jpg\" data-caption-title=\"Macleaya, Acrylstifte auf Papier, 29,7 x 42 cm, 2023\" data-attachment-id=\"1073\" class=\"fg-thumb\"><span class=\"fg-image-wrap\"><img title=\"Macleaya, Acrylstifte auf Papier, 29,7 x 42 cm, 2023\" width=\"300\" height=\"300\" data-src-fg=\"https:\/\/www.thomasfromm.de\/wp-content\/uploads\/cache\/2023\/10\/PA211520-Kopie-I-Kopie\/919867674.jpg\" class=\"fg-image\" \/><\/span><\/a><figcaption class=\"fg-caption\"><div class=\"fg-caption-inner\"><div class=\"fg-caption-title\">Macleaya, Acrylstifte auf Papier, 29,7 x 42 cm, 2023<\/div><\/div><\/figcaption><\/figure><div class=\"fg-loader\"><\/div><\/div><div class=\"fg-item\"><figure class=\"fg-item-inner\"><a href=\"https:\/\/www.thomasfromm.de\/wp-content\/uploads\/2023\/10\/PA211519-Kopie-I-Kopie.jpg\" data-caption-title=\"Monstera, Acrylstifte auf Papier, 29,7 x 42 cm, 2023\" data-attachment-id=\"1072\" class=\"fg-thumb\"><span class=\"fg-image-wrap\"><img title=\"Monstera, Acrylstifte auf Papier, 29,7 x 42 cm, 2023\" width=\"300\" height=\"300\" data-src-fg=\"https:\/\/www.thomasfromm.de\/wp-content\/uploads\/cache\/2023\/10\/PA211519-Kopie-I-Kopie\/4159910146.jpg\" class=\"fg-image\" \/><\/span><\/a><figcaption class=\"fg-caption\"><div class=\"fg-caption-inner\"><div class=\"fg-caption-title\">Monstera, Acrylstifte auf Papier, 29,7 x 42 cm, 2023<\/div><\/div><\/figcaption><\/figure><div class=\"fg-loader\"><\/div><\/div><div class=\"fg-item\"><figure class=\"fg-item-inner\"><a href=\"https:\/\/www.thomasfromm.de\/wp-content\/uploads\/2023\/10\/PA211518-Kopie-I-Kopie.jpg\" data-caption-title=\"Quercus, Acrylstifte auf Papier, 29,7 x 42 cm, 2023\" data-attachment-id=\"1071\" class=\"fg-thumb\"><span class=\"fg-image-wrap\"><img title=\"Quercus, Acrylstifte auf Papier, 29,7 x 42 cm, 2023\" width=\"300\" height=\"300\" data-src-fg=\"https:\/\/www.thomasfromm.de\/wp-content\/uploads\/cache\/2023\/10\/PA211518-Kopie-I-Kopie\/3391142381.jpg\" class=\"fg-image\" \/><\/span><\/a><figcaption class=\"fg-caption\"><div class=\"fg-caption-inner\"><div class=\"fg-caption-title\">Quercus, Acrylstifte auf Papier, 29,7 x 42 cm, 2023<\/div><\/div><\/figcaption><\/figure><div class=\"fg-loader\"><\/div><\/div><div class=\"fg-item\"><figure class=\"fg-item-inner\"><a href=\"https:\/\/www.thomasfromm.de\/wp-content\/uploads\/2023\/10\/PA211517-Kopie-I-Kopie.jpg\" data-caption-title=\"Philodendron, Acrylstifte auf Papier, 29,7 x 42 cm, 2023\" data-attachment-id=\"1070\" class=\"fg-thumb\"><span class=\"fg-image-wrap\"><img title=\"Philodendron, Acrylstifte auf Papier, 29,7 x 42 cm, 2023\" width=\"300\" height=\"300\" data-src-fg=\"https:\/\/www.thomasfromm.de\/wp-content\/uploads\/cache\/2023\/10\/PA211517-Kopie-I-Kopie\/252967496.jpg\" class=\"fg-image\" \/><\/span><\/a><figcaption class=\"fg-caption\"><div class=\"fg-caption-inner\"><div class=\"fg-caption-title\">Philodendron, Acrylstifte auf Papier, 29,7 x 42 cm, 2023<\/div><\/div><\/figcaption><\/figure><div class=\"fg-loader\"><\/div><\/div><div class=\"fg-item\"><figure class=\"fg-item-inner\"><a href=\"https:\/\/www.thomasfromm.de\/wp-content\/uploads\/2023\/10\/PA211516-Kopie-I-Kopie.jpg\" data-caption-title=\"Sassafras, Acrylstifte auf Papier, 29,7 x 42 cm, 2023\" data-attachment-id=\"1069\" class=\"fg-thumb\"><span class=\"fg-image-wrap\"><img title=\"Sassafras, Acrylstifte auf Papier, 29,7 x 42 cm, 2023\" width=\"300\" height=\"300\" data-src-fg=\"https:\/\/www.thomasfromm.de\/wp-content\/uploads\/cache\/2023\/10\/PA211516-Kopie-I-Kopie\/480355817.jpg\" class=\"fg-image\" \/><\/span><\/a><figcaption class=\"fg-caption\"><div class=\"fg-caption-inner\"><div class=\"fg-caption-title\">Sassafras, Acrylstifte auf Papier, 29,7 x 42 cm, 2023<\/div><\/div><\/figcaption><\/figure><div class=\"fg-loader\"><\/div><\/div><div class=\"fg-item\"><figure class=\"fg-item-inner\"><a href=\"https:\/\/www.thomasfromm.de\/wp-content\/uploads\/2023\/10\/PA211515-Kopie-I-Kopie-1.jpg\" data-caption-title=\"Philodendron, Acrylstifte auf Papier, 29,7 x 42 cm, 2023\" data-attachment-id=\"1080\" class=\"fg-thumb\"><span class=\"fg-image-wrap\"><img title=\"Philodendron, Acrylstifte auf Papier, 29,7 x 42 cm, 2023\" width=\"300\" height=\"300\" data-src-fg=\"https:\/\/www.thomasfromm.de\/wp-content\/uploads\/cache\/2023\/10\/PA211515-Kopie-I-Kopie-1\/1295988814.jpg\" class=\"fg-image\" \/><\/span><\/a><figcaption class=\"fg-caption\"><div class=\"fg-caption-inner\"><div class=\"fg-caption-title\">Philodendron, Acrylstifte auf Papier, 29,7 x 42 cm, 2023<\/div><\/div><\/figcaption><\/figure><div class=\"fg-loader\"><\/div><\/div><\/div>\r\n\n<blockquote>\n<p style=\"text-align: left;\">In meinen Arbeiten interessiere ich mich f\u00fcr das Spannungsfeld zwischen Kunst und Wissenschaft. Dabei besch\u00e4ftigt mich v.a. die Frage nach den Grenzen des Aussageverm\u00f6gens von Kunst und Wissenschaft, und ob nicht sowohl der k\u00fcnstlerische Blick als auch der wissenschaftliche Blick zusammen genommen die Erscheinungsformen der Materie vielleicht vollst\u00e4ndiger und umfassender erkl\u00e4ren kann. Wie viel Kunstform steckt in der Naturform? \u2013 der Versuch der Beantwortung dieser Frage ist mir ein zentrales Anliegen.<\/p>\n<p style=\"text-align: left;\">Mit seinem 1859 erschienen Werk \u201e\u00dcber die Entstehung der Arten\u201c lieferte Charles Darwin eine \u00fcberzeugende Theorie f\u00fcr die Entstehung der Arten und deren Wandel. Mit dem im 20. Jahrhundert aufkommenden Neo-Darwinismus wurde das Ph\u00e4nomen der Evolution dann zu einer Tatsache. Viele Ph\u00e4nomene in der belebten Welt konnten nun plausibel einzig allein durch Mutation und Selektion erkl\u00e4rt werden. Viele, aber eben nicht alle. Zu den Ph\u00e4nomenen, die nicht durch blo\u00dfen Zufall und blo\u00dfe Notwendigkeit erkl\u00e4rt werden k\u00f6nnen, \u00a0geh\u00f6ren z.B. die Blattformen der Landpflanzen. Es gibt auf unserem Planeten etwa 280 000 Arten von Landpflanzen. Dazu geh\u00f6ren die Moose und Farne ebenso, wie die die Nacktsamer und Bedecktsamer, also etwa die Nadelgeh\u00f6lze und die Bl\u00fctenpflanzen. Allen diesen Arten ist gemeinsam, dass sie Bl\u00e4tter ausbilden, die jeweils eine artspezifische Form aufweisen. \u00a0Diese Organe haben \u00a0nur <em>eine<\/em> Funktion: Licht zu sammeln um in ihren Zellen Photosynthese zu betreiben. Wozu aber dann die enorme Diversit\u00e4t bei der Gestaltung der Formen der Bl\u00e4tter, wenn doch streng genommen eine Blattform ausreichen w\u00fcrde, die diese eine Funktion optimal erf\u00fcllt? Augenscheinlich bet\u00e4tigt sich hier die Natur als eine echte K\u00fcnstlerin, da eben diese eine ideale Form eines Blattes genauso wenig zu existieren scheint wie Goethes \u201eUrpflanze\u201c, und daher immer wieder neue Ideen zur Realisierung kommen m\u00fcssen. \u00a0Hier wird Gestaltung und somit Kunst zu einem dem Lebensstoff ganz nat\u00fcrlichem Willen zum Ausdruck, der von jeglicher Zweckm\u00e4\u00dfigkeit entbunden zu sein scheint, und vielleicht nur dem Ideal der Sch\u00f6nheit dient. Gleichzeitig muss eine au\u00dfergew\u00f6hnliche gro\u00dfe morphogenetische Plastizit\u00e4t des Lebensstoffes daf\u00fcr die Voraussetzung bilden, \u00fcber dessen wie und warum der darin wirkenden Kr\u00e4fte wir aber v\u00f6llig im Unklaren sind.<\/p>\n<p style=\"text-align: left;\">Obwohl sicherlich viel Anthropozentrismus in der folgenden Aussage steckt, aber es ist nicht vollkommen abwegig zu vermuten, dass die gro\u00dfe Diversit\u00e4t der Blattformen, und damit auch ihre immense Sch\u00f6nheit \u2013 quasi als eine Form von Pr\u00e4adaptation \u2013 \u00a0vielleicht die Funktion hat uns Menschen nicht nur daran zu erfreuen, sondern uns auch staunen zu lassen, um uns letztlich dazu zu verpflichten diesen Schatz nicht nur zu h\u00fcten, sondern auch zu bewahren.<\/p>\n<p style=\"text-align: left;\">\n<\/blockquote>\n<\/div>\n<\/div><\/div><\/div><\/div><\/div>","protected":false},"excerpt":{"rendered":"<p>12 Bl\u00e4tter In meinen Arbeiten interessiere ich mich f\u00fcr das Spannungsfeld zwischen Kunst und Wissenschaft. Dabei besch\u00e4ftigt mich v.a. die Frage nach den Grenzen des Aussageverm\u00f6gens von Kunst und Wissenschaft, und ob nicht sowohl der k\u00fcnstlerische Blick als auch der wissenschaftliche Blick zusammen genommen die&#46;&#46;&#46;<\/p>\n","protected":false},"author":1,"featured_media":0,"parent":0,"menu_order":0,"comment_status":"closed","ping_status":"closed","template":"","meta":{"footnotes":""},"class_list":["post-1083","page","type-page","status-publish","hentry"],"_links":{"self":[{"href":"https:\/\/www.thomasfromm.de\/index.php?rest_route=\/wp\/v2\/pages\/1083","targetHints":{"allow":["GET"]}}],"collection":[{"href":"https:\/\/www.thomasfromm.de\/index.php?rest_route=\/wp\/v2\/pages"}],"about":[{"href":"https:\/\/www.thomasfromm.de\/index.php?rest_route=\/wp\/v2\/types\/page"}],"author":[{"embeddable":true,"href":"https:\/\/www.thomasfromm.de\/index.php?rest_route=\/wp\/v2\/users\/1"}],"replies":[{"embeddable":true,"href":"https:\/\/www.thomasfromm.de\/index.php?rest_route=%2Fwp%2Fv2%2Fcomments&post=1083"}],"version-history":[{"count":5,"href":"https:\/\/www.thomasfromm.de\/index.php?rest_route=\/wp\/v2\/pages\/1083\/revisions"}],"predecessor-version":[{"id":1215,"href":"https:\/\/www.thomasfromm.de\/index.php?rest_route=\/wp\/v2\/pages\/1083\/revisions\/1215"}],"wp:attachment":[{"href":"https:\/\/www.thomasfromm.de\/index.php?rest_route=%2Fwp%2Fv2%2Fmedia&parent=1083"}],"curies":[{"name":"wp","href":"https:\/\/api.w.org\/{rel}","templated":true}]}}