{"id":10,"date":"2021-02-16T13:34:58","date_gmt":"2021-02-16T12:34:58","guid":{"rendered":"https:\/\/www.thomasfromm.de\/?page_id=10"},"modified":"2024-09-27T14:12:10","modified_gmt":"2024-09-27T12:12:10","slug":"ausstellungen","status":"publish","type":"page","link":"https:\/\/www.thomasfromm.de\/?page_id=10","title":{"rendered":"Ausstellungen"},"content":{"rendered":"<h1>Ausstellungen<\/h1>\n<h2>Einzelausstellungen:<\/h2>\n<p>Buchhandlung Primobuch, Berlin-Steglitz, 2022<br \/>\nFreiwilligenagentur Oskar, 2019<br \/>\nHofgarten-Galerie, 2014<br \/>\nVolksbank-Filiale Berlin-Zehlendorf, 2012<br \/>\nWiese 30, 2013\/2010<br \/>\nKusian Wohnen + Galerie, 2004<br \/>\nWaldhausklink im Theodor Wenzel-Werk, 2001<br \/>\n\u201eBrechungen\u201c, Galerie in der Schwartschen Villa, 2000<br \/>\nGalerie Ungewohnt, 1999<br \/>\nEurop\u00e4isches Patentamt, 1997<br \/>\nInter Building Marketing GmbH, 1996<br \/>\nCaf\u00e9 Papillon, Kas, T\u00fcrkei, 1995<\/p>\n<h2>Ausstellungsbeteiligungen (Auswahl):<\/h2>\n<p>Galerie am Amalienpark, Herbstauktion, 2020<br \/>\n\u201eElemente\u201c, PIA-Galerie der Psychiatrischen Poliklinik der Charit\u00e9 Campus Berlin-Mitte, 2017<br \/>\n\u201eAnkunft\u201c, Caritas Klinik Maria Heimsuchung (mit K\u00fcnstlern des Maerz Ateliers), 2017<br \/>\n\u201eWunder\u201c, PIA-Galerie der Psychiatrischen Poliklinik der Charit\u00e9 Campus Berlin-Mitte, 2016<br \/>\nRestaurant Pinelli (mit K\u00fcnstlern des atelier galerie pinella), 2011\/2009\/2008\/2003<br \/>\nBerolina Galerie (mit K\u00fcnstlern des Offenen Ateliers des St. Hedwig-Krankenhauses), 2005<br \/>\nB\u00fcrgerhaus Gr\u00fcnau (mit K\u00fcnstlern des Offenen Ateliers des St. Hedwig-Krankenhauses), 2004<br \/>\n\u201eQuerschnitt\u201c, 2007\/2005\/2004<br \/>\nPinellodrom, 2007\/2008<br \/>\nKomm Rum, 2005<br \/>\nSt. Joseph-Krankenhaus, 2004<br \/>\nSt. Hedwig-Krankenhaus (mit K\u00fcnstlern des Offenen Ateliers des St. Hedwig-Krankenhauses), 2004<br \/>\n\u201eGro\u00dfe Steglitzer Kunstausstellung\u201c, 2002\/2000\/1999<br \/>\n\u201eInnenwelten\u201c, Kliniken im Theodor Wenzel -Werk (Waldhausklinik), 2000<\/p>\n","protected":false},"excerpt":{"rendered":"<p>Ausstellungen Einzelausstellungen: Buchhandlung Primobuch, Berlin-Steglitz, 2022 Freiwilligenagentur Oskar, 2019 Hofgarten-Galerie, 2014 Volksbank-Filiale Berlin-Zehlendorf, 2012 Wiese 30, 2013\/2010 Kusian Wohnen + Galerie, 2004 Waldhausklink im Theodor Wenzel-Werk, 2001 \u201eBrechungen\u201c, Galerie in der Schwartschen Villa, 2000 Galerie Ungewohnt, 1999 Europ\u00e4isches Patentamt, 1997 Inter Building Marketing GmbH, 1996&#46;&#46;&#46;<\/p>\n","protected":false},"author":1,"featured_media":0,"parent":0,"menu_order":0,"comment_status":"closed","ping_status":"closed","template":"","meta":{"footnotes":""},"class_list":["post-10","page","type-page","status-publish","hentry"],"_links":{"self":[{"href":"https:\/\/www.thomasfromm.de\/index.php?rest_route=\/wp\/v2\/pages\/10","targetHints":{"allow":["GET"]}}],"collection":[{"href":"https:\/\/www.thomasfromm.de\/index.php?rest_route=\/wp\/v2\/pages"}],"about":[{"href":"https:\/\/www.thomasfromm.de\/index.php?rest_route=\/wp\/v2\/types\/page"}],"author":[{"embeddable":true,"href":"https:\/\/www.thomasfromm.de\/index.php?rest_route=\/wp\/v2\/users\/1"}],"replies":[{"embeddable":true,"href":"https:\/\/www.thomasfromm.de\/index.php?rest_route=%2Fwp%2Fv2%2Fcomments&post=10"}],"version-history":[{"count":10,"href":"https:\/\/www.thomasfromm.de\/index.php?rest_route=\/wp\/v2\/pages\/10\/revisions"}],"predecessor-version":[{"id":1097,"href":"https:\/\/www.thomasfromm.de\/index.php?rest_route=\/wp\/v2\/pages\/10\/revisions\/1097"}],"wp:attachment":[{"href":"https:\/\/www.thomasfromm.de\/index.php?rest_route=%2Fwp%2Fv2%2Fmedia&parent=10"}],"curies":[{"name":"wp","href":"https:\/\/api.w.org\/{rel}","templated":true}]}}

<h1>Ausstellungen</h1>
<h2>Einzelausstellungen:</h2>
<p>Buchhandlung Primobuch, Berlin-Steglitz, 2022<br />
Freiwilligenagentur Oskar, 2019<br />
Hofgarten-Galerie, 2014<br />
Volksbank-Filiale Berlin-Zehlendorf, 2012<br />
Wiese 30, 2013/2010<br />
Kusian Wohnen + Galerie, 2004<br />
Waldhausklink im Theodor Wenzel-Werk, 2001<br />
„Brechungen“, Galerie in der Schwartschen Villa, 2000<br />
Galerie Ungewohnt, 1999<br />
Europäisches Patentamt, 1997<br />
Inter Building Marketing GmbH, 1996<br />
Café Papillon, Kas, Türkei, 1995</p>
<h2>Ausstellungsbeteiligungen (Auswahl):</h2>
<p>Galerie am Amalienpark, Herbstauktion, 2020<br />
„Elemente“, PIA-Galerie der Psychiatrischen Poliklinik der Charité Campus Berlin-Mitte, 2017<br />
„Ankunft“, Caritas Klinik Maria Heimsuchung (mit Künstlern des Maerz Ateliers), 2017<br />
„Wunder“, PIA-Galerie der Psychiatrischen Poliklinik der Charité Campus Berlin-Mitte, 2016<br />
Restaurant Pinelli (mit Künstlern des atelier galerie pinella), 2011/2009/2008/2003<br />
Berolina Galerie (mit Künstlern des Offenen Ateliers des St. Hedwig-Krankenhauses), 2005<br />
Bürgerhaus Grünau (mit Künstlern des Offenen Ateliers des St. Hedwig-Krankenhauses), 2004<br />
„Querschnitt“, 2007/2005/2004<br />
Pinellodrom, 2007/2008<br />
Komm Rum, 2005<br />
St. Joseph-Krankenhaus, 2004<br />
St. Hedwig-Krankenhaus (mit Künstlern des Offenen Ateliers des St. Hedwig-Krankenhauses), 2004<br />
„Große Steglitzer Kunstausstellung“, 2002/2000/1999<br />
„Innenwelten“, Kliniken im Theodor Wenzel -Werk (Waldhausklinik), 2000</p>

<p>Ausstellungen Einzelausstellungen: Buchhandlung Primobuch, Berlin-Steglitz, 2022 Freiwilligenagentur Oskar, 2019 Hofgarten-Galerie, 2014 Volksbank-Filiale Berlin-Zehlendorf, 2012 Wiese 30, 2013/2010 Kusian Wohnen + Galerie, 2004 Waldhausklink im Theodor Wenzel-Werk, 2001 „Brechungen“, Galerie in der Schwartschen Villa, 2000 Galerie Ungewohnt, 1999 Europäisches Patentamt, 1997 Inter Building Marketing GmbH, 1996&#46;&#46;&#46;</p>
